{"id":70,"date":"2013-07-01T13:38:19","date_gmt":"2013-07-01T13:38:19","guid":{"rendered":"http:\/\/www2.kunst.tu-berlin.de\/pages\/?page_id=70"},"modified":"2021-06-24T00:19:52","modified_gmt":"2021-06-23T23:19:52","slug":"kontakt","status":"publish","type":"page","link":"https:\/\/www.kunst.tu-berlin.de\/pages\/kontakt","title":{"rendered":"Kontakt"},"content":{"rendered":"<blockquote><p><strong>Fachgebiet BILDENDE KUNST<\/strong><\/p>\n<p>Technische Universit\u00e4t Berlin<br \/>\nFakult\u00e4t VI &#8211; Planen Bauen Umwelt<br \/>\nRaum 704<br \/>\nProf. Dr. Stefanie B\u00fcrkle &#8211; Sekr. A5<\/p>\n<p>Institut f\u00fcr Architektur<br \/>\nStra\u00dfe des 17. Juni 152<br \/>\nD-10623 Berlin<\/p>\n<p>Telefon: +49 (0)30 314 21916<br \/>\nE-Mail: <a title=\"mailto:a5@kunst.tu-berlin.de\" href=\"mailto:a5@kunst.tu-berlin.de\"> a5@kunst.tu-berlin.de<\/a><br \/>\nTutoren-Kontakt | E-Mail: <a title=\"mailto:bk.tutoren@gmail.com\" href=\"mailto:bk.tutoren@gmail.com\">bk.tutoren@gmail.com<\/a><\/p>\n<p><strong>Sprechzeiten<br \/>\n<\/strong><br \/>\nnach Absprache<strong><br \/>\n<\/strong><\/p><\/blockquote>\n","protected":false},"excerpt":{"rendered":"<p>Fachgebiet BILDENDE KUNST Technische Universit\u00e4t Berlin Fakult\u00e4t VI &#8211; Planen Bauen Umwelt Raum 704 Prof. Dr. Stefanie B\u00fcrkle &#8211; Sekr. A5 Institut f\u00fcr Architektur Stra\u00dfe des 17. Juni 152 D-10623 Berlin Telefon: +49 (0)30 314 21916 E-Mail: a5@kunst.tu-berlin.de Tutoren-Kontakt | E-Mail: bk.tutoren@gmail.com Sprechzeiten nach Absprache<\/p>\n","protected":false},"author":1,"featured_media":0,"parent":0,"menu_order":0,"comment_status":"closed","ping_status":"closed","template":"template-notitle.php","meta":{"footnotes":""},"class_list":["post-70","page","type-page","status-publish","hentry","content-columns-1"],"_links":{"self":[{"href":"https:\/\/www.kunst.tu-berlin.de\/pages\/wp-json\/wp\/v2\/pages\/70"}],"collection":[{"href":"https:\/\/www.kunst.tu-berlin.de\/pages\/wp-json\/wp\/v2\/pages"}],"about":[{"href":"https:\/\/www.kunst.tu-berlin.de\/pages\/wp-json\/wp\/v2\/types\/page"}],"author":[{"embeddable":true,"href":"https:\/\/www.kunst.tu-berlin.de\/pages\/wp-json\/wp\/v2\/users\/1"}],"replies":[{"embeddable":true,"href":"https:\/\/www.kunst.tu-berlin.de\/pages\/wp-json\/wp\/v2\/comments?post=70"}],"version-history":[{"count":16,"href":"https:\/\/www.kunst.tu-berlin.de\/pages\/wp-json\/wp\/v2\/pages\/70\/revisions"}],"predecessor-version":[{"id":42252,"href":"https:\/\/www.kunst.tu-berlin.de\/pages\/wp-json\/wp\/v2\/pages\/70\/revisions\/42252"}],"wp:attachment":[{"href":"https:\/\/www.kunst.tu-berlin.de\/pages\/wp-json\/wp\/v2\/media?parent=70"}],"curies":[{"name":"wp","href":"https:\/\/api.w.org\/{rel}","templated":true}]}}