{"id":6910,"date":"2017-12-20T12:47:32","date_gmt":"2017-12-20T11:47:32","guid":{"rendered":"http:\/\/www.kunst.tu-berlin.de\/pages\/?page_id=6910"},"modified":"2021-05-12T15:51:58","modified_gmt":"2021-05-12T14:51:58","slug":"raummigration-und-tourismus","status":"publish","type":"page","link":"https:\/\/www.kunst.tu-berlin.de\/pages\/raummigration-und-tourismus","title":{"rendered":"MigraTouriSpace \u2013 Raummigration und Tourismus"},"content":{"rendered":"<p><span style=\"color: #000000;\"><img loading=\"lazy\" decoding=\"async\" class=\"aligncenter wp-image-40314 size-full\" src=\"https:\/\/www.kunst.tu-berlin.de\/pages\/wp-content\/uploads\/2021\/03\/12_B\u00fcrkle_MigraTouriSpace_DXC_DongXuanCenter.jpeg\" alt=\"\" width=\"1920\" height=\"1080\" srcset=\"https:\/\/www.kunst.tu-berlin.de\/pages\/wp-content\/uploads\/2021\/03\/12_B\u00fcrkle_MigraTouriSpace_DXC_DongXuanCenter.jpeg 1920w, https:\/\/www.kunst.tu-berlin.de\/pages\/wp-content\/uploads\/2021\/03\/12_B\u00fcrkle_MigraTouriSpace_DXC_DongXuanCenter-150x84.jpeg 150w, https:\/\/www.kunst.tu-berlin.de\/pages\/wp-content\/uploads\/2021\/03\/12_B\u00fcrkle_MigraTouriSpace_DXC_DongXuanCenter-300x169.jpeg 300w, https:\/\/www.kunst.tu-berlin.de\/pages\/wp-content\/uploads\/2021\/03\/12_B\u00fcrkle_MigraTouriSpace_DXC_DongXuanCenter-768x432.jpeg 768w, https:\/\/www.kunst.tu-berlin.de\/pages\/wp-content\/uploads\/2021\/03\/12_B\u00fcrkle_MigraTouriSpace_DXC_DongXuanCenter-1024x576.jpeg 1024w, https:\/\/www.kunst.tu-berlin.de\/pages\/wp-content\/uploads\/2021\/03\/12_B\u00fcrkle_MigraTouriSpace_DXC_DongXuanCenter-904x509.jpeg 904w\" sizes=\"(max-width: 1920px) 100vw, 1920px\" \/><\/span><\/p>\n<p><strong><span style=\"color: #000000;\">Stefanie B\u00fcrkle<br \/>\n<\/span><span style=\"color: #000000;\"><span style=\"font-size: small;\">Team: Janin <\/span><span style=\"font-size: small;\">Walter | Ilkin Akpinar | Tae Wong Huur | Gabriel Banks\u00a0| Aaron Lang\u00a0| Berit Hummel<\/span><\/span><\/strong><\/p>\n<p><span style=\"color: #000000;\"><span style=\"font-size: small;\">Das aktuelle Kunst- und Forschungsprojekt Projekt von Stefanie B\u00fcrkle <\/span><span style=\"font-size: small;\"><b>\u201aMigraTouriSpace\u2018<\/b><\/span><span style=\"font-size: small;\"> besch\u00e4ftigt sich mit dem <\/span><span style=\"font-size: small;\"><b>Reisen <\/b><\/span><span style=\"font-size: small;\">als einer Ann\u00e4herung der Ph\u00e4nomene <\/span><span style=\"font-size: small;\"><b>Migration<\/b><\/span><span style=\"font-size: small;\"> und <\/span><span style=\"font-size: small;\"><b>Tourismus<\/b><\/span><span style=\"font-size: small;\">. Im Sinne des Projektes geht es um das Reisen von Bildern, Menschen und R\u00e4umen. <\/span><\/span><\/p>\n<p><span style=\"color: #000000;\"><span style=\"font-size: small;\">Migrations- und Tourismusforschung sind ungeachtet ihrer mobilen Forschungsobjekte lange Zeit weitgehend dem Ideal der Sesshaftigkeit verhaftet geblieben. Tourismus wurde meist als tempor\u00e4re Auszeit aus dem sesshaften Alltagsleben definiert, und die TouristInnen wurden einer immobilen Lokalbev\u00f6lkerung gegen\u00fcbergestellt. Entsprechend galt Migration als vor\u00fcbergehender Prozess der Wanderung von einem Ort der Sesshaftigkeit zu einem anderen, und nur die Konflikte zwischen der \u201emitgebrachten Kultur\u201c der MigrantInnen und der \u201elokal verwurzelten Kultur\u201c der Aufnahmegesellschaft wurden beachtet (Lenz 2010).<\/span><\/span><\/p>\n<p><span style=\"color: #000000;\"><span style=\"font-size: small;\">Das Projekt <\/span><span style=\"font-size: small;\"><b>\u201aMigraTouriSpace\u2018<\/b><\/span><span style=\"font-size: small;\"> untersucht die \u00dcberlagerung von <\/span><span style=\"font-size: small;\"><b>Migration<\/b><\/span><span style=\"font-size: small;\"> und <\/span><span style=\"font-size: small;\"><b>Tourismus. <\/b><\/span><span style=\"font-size: small;\">Raummigration meint Migration, bei der mit den Menschen auch R\u00e4ume wandern (B\u00fcrkle 2002). Tourismus meint nicht mehr Urlaub als Ausnahmezustand, sondern <\/span><span style=\"font-size: small;\">den touristischen Blick der, mit nach Hause genommen, l\u00e4ngst das pr\u00e4gt, was man Alltag nennt<\/span><span style=\"font-family: Univers 45 Light, serif;\"><span style=\"font-size: small;\">. <\/span><\/span><span style=\"font-size: small;\">Die als <\/span><span style=\"font-size: small;\"><i>Case Studies<\/i><\/span><span style=\"font-size: small;\"> ausgew\u00e4hlten Orte in Korea und Deutschland, d<\/span><span style=\"font-size: small;\">as vietnamesische Gro\u00dfhandelszentrum <\/span><span style=\"font-size: small;\"><i>Dong Xuan Center<\/i><\/span><span style=\"font-size: small;\"> in Berlin Lichtenberg, das deutsche Dorf <\/span><span style=\"font-size: small;\"><i>Dogil Maeul<\/i><\/span><span style=\"font-size: small;\"> in S\u00fcdkorea, stehen f\u00fcr das Spannungsfeld zwischen einer Migration kulturell kodierter r\u00e4umlicher Kontexte und touristischen Praktiken.<\/span><\/span><\/p>\n<p><span style=\"color: #000000;\"><b>Projektbeschreibung<\/b><\/span><\/p>\n<p><span style=\"font-size: small; color: #000000;\">Mit ihrem interdisziplin\u00e4ren Team untersucht Stefanie B\u00fcrkle vier Jahre lang die \u00dcberlagerung und Wechselwirkung der Ph\u00e4nomene \u201aMigration\u2018 und \u201aTourismus\u2018 in urbanen Kontexten und deren Auswirkungen auf den st\u00e4dtischen Raum. Die durch den Corona Lockdown bedingten Ver\u00e4nderungen verdeutlichen die touristischen Implikationen im Stadtraum.<\/span><\/p>\n<p><span style=\"color: #000000;\"><span style=\"font-size: small;\">Das Projekt <\/span><span style=\"font-size: small;\">\u201aMigraTouriSpace\u2018 <\/span><span style=\"font-size: small;\">untersucht dabei Raumbez\u00fcge, die durch gegenseitige \u00dcberlagerung der Ph\u00e4nomene Migration und Tourismus entstehen. Die sich abzeichnenden Raumlogiken und Handlungspraktiken werden zur Re-Figuration der sozialen Ordnung durch Prozesse des <\/span><span style=\"font-size: small;\"><i>Spacing <\/i><\/span><span style=\"font-size: small;\">und der mit diesen verbundenen, wahrnehmungsbezogenen, Syntheseleistungen<\/span><i> <\/i><span style=\"font-size: small;\">(L\u00f6w 2001) in Beziehung<\/span><i> <\/i><span style=\"font-size: small;\">gesetzt. Die Ph\u00e4nomene Migration und Tourismus weisen aufgrund der beiden zugrundeliegenden Bewegungsaktivit\u00e4t strukturelle \u00c4hnlichkeiten auf und k\u00f6nnen als ein <\/span><span style=\"font-size: small;\"><i>Mobilit\u00e4ts-Kontinuum<\/i><\/span><span style=\"font-size: small;\"> im Raum verstanden werden<\/span><span style=\"font-size: small;\">.<\/span><span style=\"font-size: small;\"> Die Imaginationen von R\u00e4umen, die Migration und Tourismus begr\u00fcnden, sind ein Motor der Re-Figurationsprozesse, die nicht konfliktfrei ablaufen (Holert \/ Terkessidis 2000).<\/span><\/span><\/p>\n<p><span style=\"color: #000000;\"><span style=\"font-size: small;\">Zentrale Fragestellung des Projektes ist die k\u00fcnstlerische, visuell-bildhafte Nachweisbarkeit der <\/span><span style=\"font-size: small;\"><i>Re-Figuration von R\u00e4umen<\/i><\/span><span style=\"font-size: small;\">. <\/span><span style=\"font-size: small;\">Der innovative Forschungsansatz, den Raum als bildwissenschaftliche Grundlage f\u00fcr die Ablesbarkeit der \u00dcberlappung von Migration und Tourismus und ihre Einschreibung in die urbane Umwelt zu begreifen, bedingt eine interdisziplin\u00e4re Vorgehensweise jenseits der \u00fcblichen disziplin\u00e4ren Ans\u00e4tze hinsichtlich Migration und Tourismus. Die Integration k\u00fcnstlerischer und wissenschaftlicher Methoden und der Einsatz k\u00fcnstlerischer Medien haben sich in der Vergangenheit bei allen K\u00fcnstlerischen Forschungsprojekten von Stefanie B\u00fcrkle als wertvolle Methodik bew\u00e4hrt<\/span><\/span><\/p>\n<p><span style=\"color: #000000;\"><b>Ausstellung und Buch<\/b><\/span><\/p>\n<p><span style=\"color: #000000;\"><span style=\"font-size: small;\">Die Ergebnisse der k\u00fcnstlerisch-wissenschaftlichen Forschung werden in Form einer begehbaren Mehrkanal-Video-Installation ausgewertet und zugleich sinnlich erfahrbar gemacht. Die Ergebnispr\u00e4sentation in Form einer <\/span><span style=\"font-size: small;\"><b>Ausstellung 22.April &#8211; 23.Mai 2021 im Collaboratorium CLB im Aufbauhaus am Moritzplatz in Berlin<\/b><\/span><span style=\"font-size: small;\"> macht die Forschungsergebnisse einem gr\u00f6\u00dferem, auch nicht- fachwissenschaftlichem nationalem und internationalem Publikum zug\u00e4nglich und er\u00f6ffnet neue Perspektiven auf die <\/span><span style=\"font-size: small;\">gesellschaftlich relevanten Themen Migration und Tourismus<\/span><span style=\"font-size: small;\">.<\/span><\/span><\/p>\n<p><span style=\"color: #000000;\"><a style=\"color: #000000;\" name=\"_GoBack\"><\/a><span style=\"font-size: small;\">Eine <\/span><span style=\"font-size: small;\"><b>Publikation<\/b><\/span><span style=\"font-size: small;\"> des Projektes erscheint im <\/span><span style=\"font-size: small;\"><b>Jovis Verlag im April\/Mai 2021. <\/b><\/span><span style=\"font-family: Univers 45 Light, serif;\"><span style=\"font-size: small;\"><span lang=\"fr-FR\">ISBN 978-3-86859-697-7<\/span><\/span><\/span><\/span><\/p>\n<p align=\"JUSTIFY\"><span style=\"color: #000000;\"><b>Case Studies <\/b><\/span><\/p>\n<p align=\"JUSTIFY\"><span style=\"color: #000000;\"><span style=\"font-size: small;\">1: Dong Xuan Center, Berlin Lichtenberg<\/span><\/span><\/p>\n<p><span style=\"font-size: small; color: #000000;\">Ehemalige vietnamesische Arbeitsmigranten der DDR gr\u00fcndeten in der Nachwendezeit vielf\u00e4ltige selbstst\u00e4ndige Existenzen: Kleider- und Lebensmittelgesch\u00e4fte, Imbisse und Restaurants pr\u00e4gen seitdem ganze Berliner Stadtteile (B\u00fcrkle 2002). Der von dem Unternehmer Van Hien Nguyen gegr\u00fcndete Dong Xuan Center ist nach dem Gro\u00dfmarkt Hanois benannt. Die Organisation der Gewerbe und auch Warenanordnung folgt ebenfalls der in Hanoi \u00fcblichen Warenpr\u00e4sentation. Dies verstehen wir als Raummigration im Sinne von kulturellen Praktiken und physisch erfahrbaren R\u00e4umen, die mit den Menschen wandern. Im vietnamesischen Gro\u00dfhandelscenter in Berlin findet man einerseits Waren aus dem asiatischen und indischen und neuerdings auch t\u00fcrkischen Raum, gleichzeitig repr\u00e4sentiert er mit seinen Fris\u00f6rsalons, Nagelstudios und Restaurants f\u00fcr viele Vietnamesen auch ein St\u00fcck Hanoi in Berlin. Dieser Zusammenhang von vernacul\u00e4rer Architektur und Identit\u00e4t (B\u00fcrkle 2016) erf\u00e4hrt eine weitere Best\u00e4tigung durch Touristen in Berlin, auf deren Sightseeingtouren \u201eKlein Hanoi in Lichtenberg\u201c ein exotischer Bestandteil ist.<\/span><\/p>\n<p align=\"JUSTIFY\">\n<p align=\"JUSTIFY\"><span style=\"color: #000000;\"><span style=\"font-size: small;\">2: Dogil Maeul, ein deutsches Dorf in S\u00fcdkorea <\/span><\/span><\/p>\n<p><span style=\"font-size: small; color: #000000;\">Auf Initiative eines Lokalpolitikers entstand 2001 in Namhae-gun ein Dorf f\u00fcr koreanische Gastarbeiter, die aus Deutschland in die ehemalige Heimat zur\u00fcckkehren wollen. Dies war einerseits eine Geste der Anerkennung an die ehemaligen Auswanderer, die durch ihr in Deutschland verdientes Geld ihre Familien in S\u00fcdkorea unterst\u00fctzten, andererseits war die deutsche Siedlung auch gleichzeitig als Touristenattraktion geplant. Der Landkreis erwarb das Land, entwickelte die Baupl\u00e4tze und legte die Infrastruktur an. Zu den Baubedingungen geh\u00f6rt auch, dass die H\u00e4user \u201edeutsch\u201c aussehen sollen. Hier leben heute um die 60 Ehepaare, mit teilweise deutschen Partnern, alle im Rentenalter, in zweist\u00f6ckigen Einfamilienh\u00e4usern, mit roten Walm- oder Satteld\u00e4chern und Vorg\u00e4rten. An den Wochenenden ist das Dorf ein beliebtes Ausflugsziel f\u00fcr koreanische Touristen. <\/span><\/p>\n<p align=\"JUSTIFY\">\n<p align=\"JUSTIFY\"><span style=\"color: #000000;\"><b>Projektkontext<\/b><\/span><\/p>\n<p><span style=\"color: #000000;\"><span style=\"font-size: small;\">Das Projekt \u201aRaummigration und Tourismus\u2018 ist Teil des DFG finanzierten <\/span><span style=\"font-size: small;\"><b>Sonderforschungsbereichs 1265 <\/b><\/span><\/span><\/p>\n<p><span style=\"color: #000000;\">\u201a<span style=\"font-size: small;\"><b>Re-Figuration von R\u00e4umen\u2018<\/b><\/span><span style=\"font-size: small;\">, der sich mit r\u00e4umlichen und gesellschaftlichen Ver\u00e4nderungen, die seit den 1960er Jahren stattfinden, besch\u00e4ftigt. 15 Teilprojekte aus Soziologie, Geografie, Architektur und Planungswissenschaften, der HU, FU und TU Berlin analysieren die Wandlungen in der r\u00e4umlichen Organisation des Sozialen und der sozialen Organisation von R\u00e4umen mit unterschiedlichen Themenschwerpunkten. <\/span><\/span><\/p>\n<p><span style=\"color: #000000;\"><span style=\"font-size: small;\">Das Projekt <\/span><span style=\"font-size: small;\"><b>\u201aRaummigration und Tourismus\u2019<\/b><\/span> <span style=\"font-size: small;\">hat innerhalb des SFB eine Sonderstellung<\/span><span style=\"font-size: small;\">: es verfolgt einerseits einen eigenst\u00e4ndigen k\u00fcnstlerischen Forschungsansatz und reflektiert gleichzeitig die in anderen 15 Teilprojekten n\u00e4her bestimmten Raumkonstitutionen durch k\u00fcnstlerische Methoden und Medien.<\/span><span style=\"font-size: small;\"> https:\/\/sfb1265.de\/<\/span><\/span><\/p>\n<p><span style=\"font-size: small; color: #000000;\">Das Projekt \u201aMIGRATOURISPACE\u2018 von Stefanie B\u00fcrkle ist eine Weiterf\u00fchrung ihrer k\u00fcnstlerischen Arbeit, in der sie sich seit Jahren mit der visuellen Lesbarkeit von Stadtraum hinsichtlich gesellschaftlicher Entwicklungen und Konflikte besch\u00e4ftigt. Beispiele ihrer vorangegangenen Projekte sind: \u201eBeirut- Berlin, ein Vergleich zweier St\u00e4dte nach der Teilung (1995-1997)\u201c, \u201eEiscaf\u00e9 Venezia\u201c(1999-2000), \u201eLoi chao tu Friedrichshain\u201c (2000-2002), Loi Chao tu Hanoi (2004-2006), \u201ePlacemaking\u201c (2007-2009), \u201eMigration von R\u00e4umen, Identit\u00e4t durch Architektur im Kontext t\u00fcrkischer Remigration\u201c (2012-2016) und \u201eAtelier + Labor, Werkst\u00e4tten des Wissens\u201c (2017-2019). www.stefanie-buerkle.de<\/span><\/p>\n<p><span style=\"font-size: xx-small; color: #000000;\">Quellen:<br \/>\n<\/span><span style=\"font-size: xx-small; color: #000000;\">B\u00fcrkle, Stefanie (2002): Eiscaf\u00e9 Venezia, Berlin.<br \/>\n<\/span><span style=\"color: #000000;\"><span style=\"font-size: xx-small;\">Holert, Tom und Terkessidis, Mark (2006) <\/span><span style=\"font-size: xx-small;\"><i>Fliehkraft: Gesellschaft in Bewegung &#8211; von Migranten und Touristen<\/i><\/span><span style=\"font-size: xx-small;\">, K\u00f6ln<br \/>\n<\/span><\/span><span style=\"font-size: xx-small; color: #000000;\">Lenz, Ramona (2010): Mobilit\u00e4ten in Europa, Migration und Tourismus auf Kreta und Zypern im Kontext des europ\u00e4ischen Grenzregimes, Wiesbaden<br \/>\n<\/span><span style=\"color: #000000;\"><span style=\"font-size: xx-small;\">L\u00f6w, Martina (2001): Raumsoziologie<\/span><span style=\"font-size: xx-small;\">, Frankfurt am Main.<\/span><\/span><\/p>\n","protected":false},"excerpt":{"rendered":"<p>Stefanie B\u00fcrkle Team: Janin Walter | Ilkin Akpinar | Tae Wong Huur | Gabriel Banks\u00a0| Aaron Lang\u00a0| Berit Hummel Das aktuelle Kunst- und Forschungsprojekt Projekt von Stefanie B\u00fcrkle \u201aMigraTouriSpace\u2018 besch\u00e4ftigt sich mit dem Reisen als einer Ann\u00e4herung der Ph\u00e4nomene Migration und Tourismus. Im Sinne des Projektes geht es um das Reisen von Bildern, Menschen und [&hellip;]<\/p>\n","protected":false},"author":1,"featured_media":0,"parent":0,"menu_order":0,"comment_status":"closed","ping_status":"closed","template":"","meta":{"footnotes":""},"class_list":["post-6910","page","type-page","status-publish","hentry","content-columns-1"],"_links":{"self":[{"href":"https:\/\/www.kunst.tu-berlin.de\/pages\/wp-json\/wp\/v2\/pages\/6910"}],"collection":[{"href":"https:\/\/www.kunst.tu-berlin.de\/pages\/wp-json\/wp\/v2\/pages"}],"about":[{"href":"https:\/\/www.kunst.tu-berlin.de\/pages\/wp-json\/wp\/v2\/types\/page"}],"author":[{"embeddable":true,"href":"https:\/\/www.kunst.tu-berlin.de\/pages\/wp-json\/wp\/v2\/users\/1"}],"replies":[{"embeddable":true,"href":"https:\/\/www.kunst.tu-berlin.de\/pages\/wp-json\/wp\/v2\/comments?post=6910"}],"version-history":[{"count":11,"href":"https:\/\/www.kunst.tu-berlin.de\/pages\/wp-json\/wp\/v2\/pages\/6910\/revisions"}],"predecessor-version":[{"id":42131,"href":"https:\/\/www.kunst.tu-berlin.de\/pages\/wp-json\/wp\/v2\/pages\/6910\/revisions\/42131"}],"wp:attachment":[{"href":"https:\/\/www.kunst.tu-berlin.de\/pages\/wp-json\/wp\/v2\/media?parent=6910"}],"curies":[{"name":"wp","href":"https:\/\/api.w.org\/{rel}","templated":true}]}}