{"id":2,"date":"2013-05-27T10:53:33","date_gmt":"2013-05-27T10:53:33","guid":{"rendered":"http:\/\/www2.kunst.tu-berlin.de\/pages\/?page_id=2"},"modified":"2020-05-26T08:59:01","modified_gmt":"2020-05-26T07:59:01","slug":"sample-page","status":"publish","type":"page","link":"https:\/\/www.kunst.tu-berlin.de\/pages\/sample-page","title":{"rendered":"Fachgebiet"},"content":{"rendered":"<div id=\"pl-2\"  class=\"panel-layout\" >\n<div id=\"pg-2-0\"  class=\"panel-grid panel-no-style\" >\n<div id=\"pgc-2-0-0\"  class=\"panel-grid-cell\"  data-weight=\"1\" >\n<div id=\"panel-2-0-0-0\" class=\"so-panel widget widget_black-studio-tinymce widget_black_studio_tinymce panel-first-child panel-last-child\" data-index=\"0\" data-style=\"{&quot;background_image_attachment&quot;:false,&quot;background_display&quot;:&quot;tile&quot;}\" >\n<div class=\"textwidget\">FACHGEBIET BILDENDE KUNST<\/p>\n<p>Prof. Dr. Stefanie B\u00fcrkle<\/p>\n<p>Kunst ist vor allem eine besondere Art des Denkens, Wahrnehmens und Handelns, die weit \u00fcber Gestaltung hinausgeht. Nicht der geometrische Raum, sondern ein durch subjektive Wahrnehmung, Erfahrung und Aneignung erweiterter Raumbegriff steht im Mittelpunkt der k\u00fcnstlerischen Auseinandersetzung mit Raum, Stadt, Architektur und den jeweiligen gesellschaftlichen Kontexten.<\/p>\n<p>An der Schnittstelle von Kunst und Architektur ist das Fachgebiet Bildende Kunst am Institut f\u00fcr Architektur der TU Berlin hervorragend positioniert f\u00fcr die Vermittlung von Strategien zeitgen\u00f6ssischer Kunst und k\u00fcnstlerischen Medien innerhalb des Architekturstudiums.<\/p>\n<p>Studierende im Bachelor und Master erfahren bei uns verschiedene k\u00fcnstlerische Arbeitsprozesse innerhalb ausgew\u00e4hlter Kunst- und Forschungsprojekte. F\u00fcr diese Projekte arbeiten wir mit Berliner Kunstinstitutionen, wie beispielsweise dem Haus der Kulturen der Welt, der Neuen Nationalgalerie, der Berlinischen Galerie und der Stiftung Stadtmuseum Berlin zusammen.<\/p>\n<p><img loading=\"lazy\" decoding=\"async\" class=\"aligncenter wp-image-23714 size-full\" src=\"https:\/\/www.kunst.tu-berlin.de\/pages\/wp-content\/uploads\/2020\/05\/WB3.jpg\" alt=\"\" width=\"7364\" height=\"2445\" srcset=\"https:\/\/www.kunst.tu-berlin.de\/pages\/wp-content\/uploads\/2020\/05\/WB3.jpg 7364w, https:\/\/www.kunst.tu-berlin.de\/pages\/wp-content\/uploads\/2020\/05\/WB3-150x50.jpg 150w, https:\/\/www.kunst.tu-berlin.de\/pages\/wp-content\/uploads\/2020\/05\/WB3-300x100.jpg 300w, https:\/\/www.kunst.tu-berlin.de\/pages\/wp-content\/uploads\/2020\/05\/WB3-768x255.jpg 768w, https:\/\/www.kunst.tu-berlin.de\/pages\/wp-content\/uploads\/2020\/05\/WB3-1024x340.jpg 1024w, https:\/\/www.kunst.tu-berlin.de\/pages\/wp-content\/uploads\/2020\/05\/WB3-904x300.jpg 904w\" sizes=\"(max-width: 7364px) 100vw, 7364px\" \/><span style=\"color: #808080;\">FG Bildende Kunst TU Berlin, Prof. Dr. B\u00fcrkle\/A. Gross\/C. Goebel\/J. Walter mit A. M\u00fcller, Yangwelle Sounddesign, Dr. J\u00e4ger, Leiter der Nationalgalerie\u00a0(Link zum Dokumentationsvideo:\u00a0<a href=\"https:\/\/www.youtube.com\/watch?v=zo3PgXux1Xs\">https:\/\/www.youtube.com\/watch?v=zo3PgXux1Xs<\/a>)<\/span><\/p>\n<p>CHAIR of VISUAL ARTS<\/p>\n<p>Prof. Dr. Stefanie B\u00fcrkle<\/p>\n<p>Our definition of Art goes far beyound the basic principles of design.<\/p>\n<p>An Artist\u00b4s approach to space is above all a particular way of thinking, perceiving and acting.<\/p>\n<p>At the intersection between art and architecture, the unic position as Chair of Viusal Arts within the architecture department is engaging our communication of artistic knowledge, tools and methods to the evolving architects throughout selected art and research projects. We cooperate with Berlin Art institutions as Haus der Kulturen der Welt, Neue Nationalgalerie and Berlinische Galerie.<\/p><\/div>\n<\/div>\n<\/div>\n<\/div>\n<\/div>\n","protected":false},"excerpt":{"rendered":"<p>FACHGEBIET BILDENDE KUNST Prof. Dr. Stefanie B\u00fcrkle Kunst ist vor allem eine besondere Art des Denkens, Wahrnehmens und Handelns, die weit \u00fcber Gestaltung hinausgeht. Nicht der geometrische Raum, sondern ein durch subjektive Wahrnehmung, Erfahrung und Aneignung erweiterter Raumbegriff steht im Mittelpunkt der k\u00fcnstlerischen Auseinandersetzung mit Raum, Stadt, Architektur und den jeweiligen gesellschaftlichen Kontexten. An der [&hellip;]<\/p>\n","protected":false},"author":1,"featured_media":0,"parent":0,"menu_order":0,"comment_status":"closed","ping_status":"closed","template":"template-notitle.php","meta":{"footnotes":""},"class_list":["post-2","page","type-page","status-publish","hentry","content-columns-1"],"_links":{"self":[{"href":"https:\/\/www.kunst.tu-berlin.de\/pages\/wp-json\/wp\/v2\/pages\/2"}],"collection":[{"href":"https:\/\/www.kunst.tu-berlin.de\/pages\/wp-json\/wp\/v2\/pages"}],"about":[{"href":"https:\/\/www.kunst.tu-berlin.de\/pages\/wp-json\/wp\/v2\/types\/page"}],"author":[{"embeddable":true,"href":"https:\/\/www.kunst.tu-berlin.de\/pages\/wp-json\/wp\/v2\/users\/1"}],"replies":[{"embeddable":true,"href":"https:\/\/www.kunst.tu-berlin.de\/pages\/wp-json\/wp\/v2\/comments?post=2"}],"version-history":[{"count":27,"href":"https:\/\/www.kunst.tu-berlin.de\/pages\/wp-json\/wp\/v2\/pages\/2\/revisions"}],"predecessor-version":[{"id":43016,"href":"https:\/\/www.kunst.tu-berlin.de\/pages\/wp-json\/wp\/v2\/pages\/2\/revisions\/43016"}],"wp:attachment":[{"href":"https:\/\/www.kunst.tu-berlin.de\/pages\/wp-json\/wp\/v2\/media?parent=2"}],"curies":[{"name":"wp","href":"https:\/\/api.w.org\/{rel}","templated":true}]}}